{"id":39,"date":"2021-04-13T14:56:49","date_gmt":"2021-04-13T14:56:49","guid":{"rendered":"https:\/\/interaudit.com.br\/?page_id=39"},"modified":"2021-05-13T00:45:50","modified_gmt":"2021-05-13T00:45:50","slug":"contabilidade","status":"publish","type":"page","link":"https:\/\/interaudit.com.br\/index.php\/contabilidade\/","title":{"rendered":"Contabilidade"},"content":{"rendered":"\t\t<div data-elementor-type=\"wp-page\" data-elementor-id=\"39\" class=\"elementor elementor-39\" data-elementor-settings=\"[]\">\n\t\t\t\t\t\t\t<div class=\"elementor-section-wrap\">\n\t\t\t\t\t\t\t<section class=\"elementor-section elementor-top-section elementor-element elementor-element-44d537bd elementor-section-boxed elementor-section-height-default elementor-section-height-default\" data-id=\"44d537bd\" data-element_type=\"section\">\n\t\t\t\t\t\t<div class=\"elementor-container elementor-column-gap-default\">\n\t\t\t\t\t<div class=\"elementor-column elementor-col-50 elementor-top-column elementor-element elementor-element-6eae8294\" data-id=\"6eae8294\" data-element_type=\"column\">\n\t\t\t<div class=\"elementor-widget-wrap elementor-element-populated\">\n\t\t\t\t\t\t\t\t<div class=\"elementor-element elementor-element-5daa473b elementor-widget elementor-widget-heading\" data-id=\"5daa473b\" data-element_type=\"widget\" data-widget_type=\"heading.default\">\n\t\t\t\t<div class=\"elementor-widget-container\">\n\t\t\t<h2 class=\"elementor-heading-title elementor-size-default\">CONT\u00c1BIL<\/h2>\t\t<\/div>\n\t\t\t\t<\/div>\n\t\t\t\t\t<\/div>\n\t\t<\/div>\n\t\t\t\t<div class=\"elementor-column elementor-col-50 elementor-top-column elementor-element elementor-element-46c6478c\" data-id=\"46c6478c\" data-element_type=\"column\">\n\t\t\t<div class=\"elementor-widget-wrap elementor-element-populated\">\n\t\t\t\t\t\t\t\t<div class=\"elementor-element elementor-element-4be72d7b elementor-widget elementor-widget-text-editor\" data-id=\"4be72d7b\" data-element_type=\"widget\" data-widget_type=\"text-editor.default\">\n\t\t\t\t<div class=\"elementor-widget-container\">\n\t\t\t\t\t\t\t<p class=\"p1\">Nossos profissionais s\u00e3o capacitados com cursos e treinamentos peri\u00f3dicos, com o objetivo de alcan\u00e7armos os mais altos n\u00edveis de excel\u00eancia nos servi\u00e7os executados.<\/p>\t\t\t\t\t\t<\/div>\n\t\t\t\t<\/div>\n\t\t\t\t\t<\/div>\n\t\t<\/div>\n\t\t\t\t\t\t\t<\/div>\n\t\t<\/section>\n\t\t\t\t<section class=\"elementor-section elementor-top-section elementor-element elementor-element-295b48c8 elementor-section-height-min-height elementor-section-boxed elementor-section-height-default elementor-section-items-middle\" data-id=\"295b48c8\" data-element_type=\"section\">\n\t\t\t\t\t\t<div class=\"elementor-container elementor-column-gap-wider\">\n\t\t\t\t\t<div class=\"elementor-column elementor-col-50 elementor-top-column elementor-element elementor-element-2c715ff1\" data-id=\"2c715ff1\" data-element_type=\"column\">\n\t\t\t<div class=\"elementor-widget-wrap elementor-element-populated\">\n\t\t\t\t\t\t\t\t<div class=\"elementor-element elementor-element-3d7fe896 elementor-widget elementor-widget-image\" data-id=\"3d7fe896\" data-element_type=\"widget\" data-widget_type=\"image.default\">\n\t\t\t\t<div class=\"elementor-widget-container\">\n\t\t\t\t\t\t\t\t\t\t\t\t\t\t\t<img loading=\"lazy\" decoding=\"async\" width=\"768\" height=\"609\" src=\"https:\/\/interaudit.com.br\/wp-content\/uploads\/2021\/05\/sala-1-e1620829762326.jpeg\" class=\"attachment-medium_large size-medium_large\" alt=\"\" srcset=\"https:\/\/interaudit.com.br\/wp-content\/uploads\/2021\/05\/sala-1-e1620829762326.jpeg 768w, https:\/\/interaudit.com.br\/wp-content\/uploads\/2021\/05\/sala-1-e1620829762326-300x238.jpeg 300w\" sizes=\"auto, (max-width: 768px) 100vw, 768px\" \/>\t\t\t\t\t\t\t\t\t\t\t\t\t\t\t<\/div>\n\t\t\t\t<\/div>\n\t\t\t\t\t<\/div>\n\t\t<\/div>\n\t\t\t\t<div class=\"elementor-column elementor-col-50 elementor-top-column elementor-element elementor-element-32d9ae10\" data-id=\"32d9ae10\" data-element_type=\"column\" data-settings=\"{&quot;background_background&quot;:&quot;classic&quot;}\">\n\t\t\t<div class=\"elementor-widget-wrap elementor-element-populated\">\n\t\t\t\t\t\t\t\t<div class=\"elementor-element elementor-element-9e12b03 elementor-hidden-phone elementor-widget elementor-widget-spacer\" data-id=\"9e12b03\" data-element_type=\"widget\" data-widget_type=\"spacer.default\">\n\t\t\t\t<div class=\"elementor-widget-container\">\n\t\t\t\t\t<div class=\"elementor-spacer\">\n\t\t\t<div class=\"elementor-spacer-inner\"><\/div>\n\t\t<\/div>\n\t\t\t\t<\/div>\n\t\t\t\t<\/div>\n\t\t\t\t<div class=\"elementor-element elementor-element-3f820516 elementor-widget elementor-widget-heading\" data-id=\"3f820516\" data-element_type=\"widget\" data-widget_type=\"heading.default\">\n\t\t\t\t<div class=\"elementor-widget-container\">\n\t\t\t<h2 class=\"elementor-heading-title elementor-size-default\">CONFIAN\u00c7A E SIGILO ABSOLUTO <\/h2>\t\t<\/div>\n\t\t\t\t<\/div>\n\t\t\t\t<div class=\"elementor-element elementor-element-76e35172 elementor-widget elementor-widget-heading\" data-id=\"76e35172\" data-element_type=\"widget\" data-widget_type=\"heading.default\">\n\t\t\t\t<div class=\"elementor-widget-container\">\n\t\t\t<h4 class=\"elementor-heading-title elementor-size-default\">Responsabilidade nos registros e seguran\u00e7a nas informa\u00e7\u00f5es <\/h4>\t\t<\/div>\n\t\t\t\t<\/div>\n\t\t\t\t<div class=\"elementor-element elementor-element-710a199 elementor-hidden-phone elementor-widget elementor-widget-spacer\" data-id=\"710a199\" data-element_type=\"widget\" data-widget_type=\"spacer.default\">\n\t\t\t\t<div class=\"elementor-widget-container\">\n\t\t\t\t\t<div class=\"elementor-spacer\">\n\t\t\t<div class=\"elementor-spacer-inner\"><\/div>\n\t\t<\/div>\n\t\t\t\t<\/div>\n\t\t\t\t<\/div>\n\t\t\t\t\t<\/div>\n\t\t<\/div>\n\t\t\t\t\t\t\t<\/div>\n\t\t<\/section>\n\t\t\t\t<section class=\"elementor-section elementor-top-section elementor-element elementor-element-493b6be8 elementor-hidden-phone elementor-section-boxed elementor-section-height-default elementor-section-height-default\" data-id=\"493b6be8\" data-element_type=\"section\" data-settings=\"{&quot;background_background&quot;:&quot;classic&quot;}\">\n\t\t\t\t\t\t<div class=\"elementor-container elementor-column-gap-default\">\n\t\t\t\t\t<div class=\"elementor-column elementor-col-100 elementor-top-column elementor-element elementor-element-437fdce3\" data-id=\"437fdce3\" data-element_type=\"column\">\n\t\t\t<div class=\"elementor-widget-wrap elementor-element-populated\">\n\t\t\t\t\t\t\t\t<div class=\"elementor-element elementor-element-3198e99f elementor-widget elementor-widget-text-editor\" data-id=\"3198e99f\" data-element_type=\"widget\" data-widget_type=\"text-editor.default\">\n\t\t\t\t<div class=\"elementor-widget-container\">\n\t\t\t\t\t\t\t<p>Confer\u00eancia da documenta\u00e7\u00e3o dispon\u00edvel, com avalia\u00e7\u00e3o de sua efetiva validade;<\/p>\n<p>Assessoria cont\u00e1bil, tribut\u00e1ria e administrativa;<\/p>\n<p>Auditoria cont\u00e1bil e tribut\u00e1ria;<\/p>\n<p>Estudo da Terceiriza\u00e7\u00e3o do ponto de vista fiscal;<\/p>\n<p>Treinamento sobre: Contabilidade Geral, Gerencial, Comercial, Controles, Fiscal\/tribut\u00e1ria, etc;<\/p>\n<p>Fluxo de Caixa gerencial;<\/p>\n<p>An\u00e1lise de Balan\u00e7o;<\/p>\n<p>An\u00e1lise de Cr\u00e9dito;<\/p>\n<p>Classifica\u00e7\u00e3o dos documentos a contabilizar;<\/p>\n<p>Concilia\u00e7\u00f5es banc\u00e1rias;<\/p>\n<p>Levantamento de relat\u00f3rios mensais sint\u00e9ticos e anal\u00edticos;<\/p>\n<p>Levantamento de balancetes mensais;<\/p>\n<p>Escritura\u00e7\u00e3o do livro Di\u00e1rio, Raz\u00e3o e LALUR;<\/p>\n<p>Apura\u00e7\u00e3o das demonstra\u00e7\u00f5es financeiras;<\/p>\n<p>Convers\u00e3o de balan\u00e7o em moeda estrangeira;<\/p>\n<p>Fluxo de caixa direto e indireto;<\/p>\n<p>Manuten\u00e7\u00e3o do sistema de registro de deprecia\u00e7\u00e3o e corre\u00e7\u00e3o monet\u00e1ria do balan\u00e7o, em conformidade com a legisla\u00e7\u00e3o vigente;<\/p>\n<p>Orienta\u00e7\u00e3o do pessoal da administra\u00e7\u00e3o da Empresa, quanto a observ\u00e2ncia dos preceitos fisco-cont\u00e1beis, inerente a transa\u00e7\u00f5es desenvolvidas;<\/p>\n<p>Atendimento das demais exig\u00eancias previstas em Atos Normativos, bem como de eventuais procedimentos de fiscaliza\u00e7\u00e3o;<\/p>\n<p>Assessoria cont\u00e1bil para empresa micro, pequeno, m\u00e9dio e grande porte. Apresenta\u00e7\u00e3o mensal de relat\u00f3rios oficiais (Balan\u00e7o Patrimonial, Demonstra\u00e7\u00e3o de Resultados, Doar, Muta\u00e7\u00e3o do Patrim\u00f4nio L\u00edquido), devidamente conciliados e confrontados com os controles internos da empresa;<\/p>\n<p>Elabora\u00e7\u00e3o de relat\u00f3rio de ocorr\u00eancias e sugest\u00f5es de medidas corretivas;<\/p>\n<p>Contabilidade por centro de custo (ind\u00fastria, com\u00e9rcio, servi\u00e7os, outros);<\/p>\n<p>Atendimento a auditoria externa e coordena\u00e7\u00e3o do processo de publica\u00e7\u00e3o de balan\u00e7os;<\/p>\n<p>An\u00e1lise e orienta\u00e7\u00e3o voltados ao completo esclarecimento dos elementos que comp\u00f5em o balan\u00e7o e demais relat\u00f3rios, com indica\u00e7\u00e3o de margens de lucro, rentabilidade, liquidez e perspectivas de resultados.<\/p>\t\t\t\t\t\t<\/div>\n\t\t\t\t<\/div>\n\t\t\t\t\t<\/div>\n\t\t<\/div>\n\t\t\t\t\t\t\t<\/div>\n\t\t<\/section>\n\t\t\t\t<section class=\"elementor-section elementor-top-section elementor-element elementor-element-5a572994 elementor-hidden-desktop elementor-section-boxed elementor-section-height-default elementor-section-height-default\" data-id=\"5a572994\" data-element_type=\"section\" data-settings=\"{&quot;background_background&quot;:&quot;classic&quot;}\">\n\t\t\t\t\t\t<div class=\"elementor-container elementor-column-gap-default\">\n\t\t\t\t\t<div class=\"elementor-column elementor-col-100 elementor-top-column elementor-element elementor-element-6437aa8d\" data-id=\"6437aa8d\" data-element_type=\"column\">\n\t\t\t<div class=\"elementor-widget-wrap elementor-element-populated\">\n\t\t\t\t\t\t\t\t<div class=\"elementor-element elementor-element-4233ed4f elementor-widget elementor-widget-text-editor\" data-id=\"4233ed4f\" data-element_type=\"widget\" data-widget_type=\"text-editor.default\">\n\t\t\t\t<div class=\"elementor-widget-container\">\n\t\t\t\t\t\t\t<p>Confer\u00eancia da documenta\u00e7\u00e3o dispon\u00edvel, com avalia\u00e7\u00e3o de sua efetiva validade;<\/p>\n<p>Assessoria cont\u00e1bil, tribut\u00e1ria e administrativa;<\/p>\n<p>Auditoria cont\u00e1bil e tribut\u00e1ria;<\/p>\n<p>Estudo da Terceiriza\u00e7\u00e3o do ponto de vista fiscal;<\/p>\n<p>Treinamento sobre: Contabilidade Geral, Gerencial, Comercial, Controles, Fiscal\/tribut\u00e1ria, etc;<\/p>\n<p>Fluxo de Caixa gerencial;<\/p>\n<p>An\u00e1lise de Balan\u00e7o;<\/p>\n<p>An\u00e1lise de Cr\u00e9dito;<\/p>\n<p>Classifica\u00e7\u00e3o dos documentos a contabilizar;<\/p>\n<p>Concilia\u00e7\u00f5es banc\u00e1rias;<\/p>\n<p>Levantamento de relat\u00f3rios mensais sint\u00e9ticos e anal\u00edticos;<\/p>\n<p>Levantamento de balancetes mensais;<\/p>\n<p>Escritura\u00e7\u00e3o do livro Di\u00e1rio, Raz\u00e3o e LALUR;<\/p>\n<p>Apura\u00e7\u00e3o das demonstra\u00e7\u00f5es financeiras;<\/p>\n<p>Convers\u00e3o de balan\u00e7o em moeda estrangeira;<\/p>\n<p>Fluxo de caixa direto e indireto;<\/p>\n<p>Manuten\u00e7\u00e3o do sistema de registro de deprecia\u00e7\u00e3o e corre\u00e7\u00e3o monet\u00e1ria do balan\u00e7o, em conformidade com a legisla\u00e7\u00e3o vigente;<\/p>\n<p>Orienta\u00e7\u00e3o do pessoal da administra\u00e7\u00e3o da Empresa, quanto a observ\u00e2ncia dos preceitos fisco-cont\u00e1beis, inerente a transa\u00e7\u00f5es desenvolvidas;<\/p>\n<p>Atendimento das demais exig\u00eancias previstas em Atos Normativos, bem como de eventuais procedimentos de fiscaliza\u00e7\u00e3o;<\/p>\n<p>Assessoria cont\u00e1bil para empresa micro, pequeno, m\u00e9dio e grande porte. Apresenta\u00e7\u00e3o mensal de relat\u00f3rios oficiais (Balan\u00e7o Patrimonial, Demonstra\u00e7\u00e3o de Resultados, Doar, Muta\u00e7\u00e3o do Patrim\u00f4nio L\u00edquido), devidamente conciliados e confrontados com os controles internos da empresa;<\/p>\n<p>Elabora\u00e7\u00e3o de relat\u00f3rio de ocorr\u00eancias e sugest\u00f5es de medidas corretivas;<\/p>\n<p>Contabilidade por centro de custo (ind\u00fastria, com\u00e9rcio, servi\u00e7os, outros);<\/p>\n<p>Atendimento a auditoria externa e coordena\u00e7\u00e3o do processo de publica\u00e7\u00e3o de balan\u00e7os;<\/p>\n<p>An\u00e1lise e orienta\u00e7\u00e3o voltados ao completo esclarecimento dos elementos que comp\u00f5em o balan\u00e7o e demais relat\u00f3rios, com indica\u00e7\u00e3o de margens de lucro, rentabilidade, liquidez e perspectivas de resultados.<\/p>\t\t\t\t\t\t<\/div>\n\t\t\t\t<\/div>\n\t\t\t\t\t<\/div>\n\t\t<\/div>\n\t\t\t\t\t\t\t<\/div>\n\t\t<\/section>\n\t\t\t\t\t\t<\/div>\n\t\t\t\t\t<\/div>\n\t\t","protected":false},"excerpt":{"rendered":"<p>CONT\u00c1BIL Nossos profissionais s\u00e3o capacitados com cursos e treinamentos peri\u00f3dicos, com o objetivo de alcan\u00e7armos os mais altos n\u00edveis de excel\u00eancia nos servi\u00e7os executados. CONFIAN\u00c7A E SIGILO ABSOLUTO Responsabilidade nos registros e seguran\u00e7a nas informa\u00e7\u00f5es Confer\u00eancia da documenta\u00e7\u00e3o dispon\u00edvel, com avalia\u00e7\u00e3o de sua efetiva validade; Assessoria cont\u00e1bil, tribut\u00e1ria e administrativa; Auditoria cont\u00e1bil e tribut\u00e1ria; Estudo [&hellip;]<\/p>\n","protected":false},"author":1,"featured_media":0,"parent":0,"menu_order":0,"comment_status":"closed","ping_status":"closed","template":"elementor_header_footer","meta":{"footnotes":""},"class_list":["post-39","page","type-page","status-publish","hentry"],"_links":{"self":[{"href":"https:\/\/interaudit.com.br\/index.php\/wp-json\/wp\/v2\/pages\/39","targetHints":{"allow":["GET"]}}],"collection":[{"href":"https:\/\/interaudit.com.br\/index.php\/wp-json\/wp\/v2\/pages"}],"about":[{"href":"https:\/\/interaudit.com.br\/index.php\/wp-json\/wp\/v2\/types\/page"}],"author":[{"embeddable":true,"href":"https:\/\/interaudit.com.br\/index.php\/wp-json\/wp\/v2\/users\/1"}],"replies":[{"embeddable":true,"href":"https:\/\/interaudit.com.br\/index.php\/wp-json\/wp\/v2\/comments?post=39"}],"version-history":[{"count":76,"href":"https:\/\/interaudit.com.br\/index.php\/wp-json\/wp\/v2\/pages\/39\/revisions"}],"predecessor-version":[{"id":557,"href":"https:\/\/interaudit.com.br\/index.php\/wp-json\/wp\/v2\/pages\/39\/revisions\/557"}],"wp:attachment":[{"href":"https:\/\/interaudit.com.br\/index.php\/wp-json\/wp\/v2\/media?parent=39"}],"curies":[{"name":"wp","href":"https:\/\/api.w.org\/{rel}","templated":true}]}}